{"id":20,"date":"2023-07-31T09:53:22","date_gmt":"2023-07-31T09:53:22","guid":{"rendered":"http:\/\/estudiofotograficomj.com\/Look\/?page_id=20"},"modified":"2024-05-27T20:49:34","modified_gmt":"2024-05-27T20:49:34","slug":"fotografia-corporativa-en-zaragoza","status":"publish","type":"page","link":"http:\/\/estudiofotograficomj.com\/Look\/","title":{"rendered":"Acerca de"},"content":{"rendered":"\n<p>\u00a1Bienvenidos a <a href=\"http:\/\/estudiofotograficomj.com\/Look\/\">Look,<\/a> Fotograf\u00eda Corporativa en Zaragoza!<\/p>\n\n\n\n<p>Desde el a\u00f1o 2015, nos dedicamos apasionadamente a capturar empresas en la ciudad de Zaragoza. <\/p>\n\n\n\n<p>Somos un equipo de fot\u00f3grafos comprometidos y apasionados, especializados en ofrecer servicios de fotograf\u00eda corporativa.<\/p>\n\n\n\n<p>A lo largo de estos a\u00f1os, hemos tenido el privilegio de colaborar con cientos de empresas, grandes y peque\u00f1as, que han confiado en nuestra habilidad para plasmar la esencia y la identidad de sus negocios.<\/p>\n\n\n\n<p>Lo que nos distingue es nuestra capacidad para entender la visi\u00f3n \u00fanica de cada empresa y traducirla en im\u00e1genes que comunican de manera efectiva su mensaje. <\/p>\n\n\n\n<p>Nos esforzamos por crear fotograf\u00edas que no solo sean visualmente impactantes, sino que tambi\u00e9n transmitan la autenticidad y la profesionalidad de su marca.<\/p>\n\n\n\n<p>Nuestro compromiso con la excelencia y la creatividad nos impulsa a mantenernos a la vanguardia de las tendencias en fotograf\u00eda corporativa. <\/p>\n\n\n\n<p>Utilizamos equipos de \u00faltima generaci\u00f3n y t\u00e9cnicas innovadoras para garantizar que cada imagen que entregamos cumpla con los m\u00e1s altos est\u00e1ndares de calidad.<\/p>\n\n\n\n<p>Si busca una experiencia de fotograf\u00eda corporativa \u00fanica y personalizada en Zaragoza, no dude en contactarnos. Estamos aqu\u00ed para transformar su visi\u00f3n en im\u00e1genes que destaquen y perduren en la memoria de su audiencia.<\/p>\n\n\n\n<p>Conf\u00ede en nosotros para ser sus fot\u00f3grafos de confianza en Zaragoza, donde cada clic cuenta una historia \u00fanica de \u00e9xito empresarial.<\/p>\n\n\n\n<p>Aqu\u00ed unos ejemplos de nuestro trabajo sobre fotograf\u00eda corporativa en Zaragoza que hemos realizado.<\/p>\n\n\n\n<p>Puedes visitarnos en Estudio Fotogr\u00e1fico Mj, <a href=\"https:\/\/www.google.com\/maps\/place\/Estudio+Fotogr\u00e1fico+MJ,+fotograf\u00eda+embarazo,+newborn+y+reci\u00e9n+nacido+en+Zaragoza\/@41.6464529,-0.8692833,15z\/data=!4m2!3m1!1s0x0:0x26ebec4d3528607b?sa=X&amp;ved=2ahUKEwiOia3ItOKDAxWXVaQEHQYqA_QQ_BJ6BAhAEAA\">en Jorge Cocci, 18<\/a><\/p>\n\n\n\n<figure class=\"wp-block-gallery has-nested-images columns-default is-cropped wp-block-gallery-1 is-layout-flex wp-block-gallery-is-layout-flex\">\n<figure class=\"wp-block-image size-large\"><img loading=\"lazy\" decoding=\"async\" width=\"1024\" height=\"1024\" data-id=\"59\" src=\"http:\/\/estudiofotograficomj.com\/Look\/wp-content\/uploads\/2024\/01\/120578553_1228320747549583_494145012685115425_n-1024x1024.jpg\" alt=\"\" class=\"wp-image-59\" srcset=\"http:\/\/estudiofotograficomj.com\/Look\/wp-content\/uploads\/2024\/01\/120578553_1228320747549583_494145012685115425_n-1024x1024.jpg 1024w, http:\/\/estudiofotograficomj.com\/Look\/wp-content\/uploads\/2024\/01\/120578553_1228320747549583_494145012685115425_n-300x300.jpg 300w, http:\/\/estudiofotograficomj.com\/Look\/wp-content\/uploads\/2024\/01\/120578553_1228320747549583_494145012685115425_n-150x150.jpg 150w, http:\/\/estudiofotograficomj.com\/Look\/wp-content\/uploads\/2024\/01\/120578553_1228320747549583_494145012685115425_n-768x769.jpg 768w, http:\/\/estudiofotograficomj.com\/Look\/wp-content\/uploads\/2024\/01\/120578553_1228320747549583_494145012685115425_n-100x100.jpg 100w, http:\/\/estudiofotograficomj.com\/Look\/wp-content\/uploads\/2024\/01\/120578553_1228320747549583_494145012685115425_n.jpg 1027w\" sizes=\"(max-width: 1024px) 100vw, 1024px\" \/><\/figure>\n\n\n\n<figure class=\"wp-block-image size-large\"><img loading=\"lazy\" decoding=\"async\" width=\"526\" height=\"526\" data-id=\"58\" src=\"http:\/\/estudiofotograficomj.com\/Look\/wp-content\/uploads\/2024\/01\/310105333_499790718827830_6808619903883957938_n.jpg\" alt=\"\" class=\"wp-image-58\" srcset=\"http:\/\/estudiofotograficomj.com\/Look\/wp-content\/uploads\/2024\/01\/310105333_499790718827830_6808619903883957938_n.jpg 526w, http:\/\/estudiofotograficomj.com\/Look\/wp-content\/uploads\/2024\/01\/310105333_499790718827830_6808619903883957938_n-300x300.jpg 300w, http:\/\/estudiofotograficomj.com\/Look\/wp-content\/uploads\/2024\/01\/310105333_499790718827830_6808619903883957938_n-150x150.jpg 150w, http:\/\/estudiofotograficomj.com\/Look\/wp-content\/uploads\/2024\/01\/310105333_499790718827830_6808619903883957938_n-100x100.jpg 100w\" sizes=\"(max-width: 526px) 100vw, 526px\" \/><\/figure>\n\n\n\n<figure class=\"wp-block-image size-large\"><img loading=\"lazy\" decoding=\"async\" width=\"1024\" height=\"684\" data-id=\"55\" src=\"http:\/\/estudiofotograficomj.com\/Look\/wp-content\/uploads\/2024\/01\/qc89-_JMC2161-1024x684.jpg\" alt=\"\" class=\"wp-image-55\" srcset=\"http:\/\/estudiofotograficomj.com\/Look\/wp-content\/uploads\/2024\/01\/qc89-_JMC2161-1024x684.jpg 1024w, http:\/\/estudiofotograficomj.com\/Look\/wp-content\/uploads\/2024\/01\/qc89-_JMC2161-300x200.jpg 300w, http:\/\/estudiofotograficomj.com\/Look\/wp-content\/uploads\/2024\/01\/qc89-_JMC2161-768x513.jpg 768w, http:\/\/estudiofotograficomj.com\/Look\/wp-content\/uploads\/2024\/01\/qc89-_JMC2161-1536x1025.jpg 1536w, http:\/\/estudiofotograficomj.com\/Look\/wp-content\/uploads\/2024\/01\/qc89-_JMC2161.jpg 2048w\" sizes=\"(max-width: 1024px) 100vw, 1024px\" \/><\/figure>\n\n\n\n<figure class=\"wp-block-image size-large\"><img loading=\"lazy\" decoding=\"async\" width=\"1024\" height=\"684\" data-id=\"56\" src=\"http:\/\/estudiofotograficomj.com\/Look\/wp-content\/uploads\/2024\/01\/uw3l-_JMC2340-1024x684.jpg\" alt=\"\" class=\"wp-image-56\" srcset=\"http:\/\/estudiofotograficomj.com\/Look\/wp-content\/uploads\/2024\/01\/uw3l-_JMC2340-1024x684.jpg 1024w, http:\/\/estudiofotograficomj.com\/Look\/wp-content\/uploads\/2024\/01\/uw3l-_JMC2340-300x200.jpg 300w, http:\/\/estudiofotograficomj.com\/Look\/wp-content\/uploads\/2024\/01\/uw3l-_JMC2340-768x513.jpg 768w, http:\/\/estudiofotograficomj.com\/Look\/wp-content\/uploads\/2024\/01\/uw3l-_JMC2340-1536x1025.jpg 1536w, http:\/\/estudiofotograficomj.com\/Look\/wp-content\/uploads\/2024\/01\/uw3l-_JMC2340.jpg 2048w\" sizes=\"(max-width: 1024px) 100vw, 1024px\" \/><\/figure>\n\n\n\n<figure class=\"wp-block-image size-large\"><img loading=\"lazy\" decoding=\"async\" width=\"1024\" height=\"683\" data-id=\"52\" src=\"http:\/\/estudiofotograficomj.com\/Look\/wp-content\/uploads\/2024\/01\/APARTAMENTO.WEB-5-1024x683.jpg\" alt=\"\" class=\"wp-image-52\" srcset=\"http:\/\/estudiofotograficomj.com\/Look\/wp-content\/uploads\/2024\/01\/APARTAMENTO.WEB-5-1024x683.jpg 1024w, http:\/\/estudiofotograficomj.com\/Look\/wp-content\/uploads\/2024\/01\/APARTAMENTO.WEB-5-300x200.jpg 300w, http:\/\/estudiofotograficomj.com\/Look\/wp-content\/uploads\/2024\/01\/APARTAMENTO.WEB-5-768x512.jpg 768w, http:\/\/estudiofotograficomj.com\/Look\/wp-content\/uploads\/2024\/01\/APARTAMENTO.WEB-5-1536x1024.jpg 1536w, http:\/\/estudiofotograficomj.com\/Look\/wp-content\/uploads\/2024\/01\/APARTAMENTO.WEB-5.jpg 2048w\" sizes=\"(max-width: 1024px) 100vw, 1024px\" \/><\/figure>\n\n\n\n<figure class=\"wp-block-image size-large\"><img loading=\"lazy\" decoding=\"async\" width=\"1024\" height=\"576\" data-id=\"50\" src=\"http:\/\/estudiofotograficomj.com\/Look\/wp-content\/uploads\/2024\/01\/JMC7008-Editar-1024x576.jpg\" alt=\"\" class=\"wp-image-50\" srcset=\"http:\/\/estudiofotograficomj.com\/Look\/wp-content\/uploads\/2024\/01\/JMC7008-Editar-1024x576.jpg 1024w, http:\/\/estudiofotograficomj.com\/Look\/wp-content\/uploads\/2024\/01\/JMC7008-Editar-300x169.jpg 300w, http:\/\/estudiofotograficomj.com\/Look\/wp-content\/uploads\/2024\/01\/JMC7008-Editar-768x432.jpg 768w, http:\/\/estudiofotograficomj.com\/Look\/wp-content\/uploads\/2024\/01\/JMC7008-Editar-1536x864.jpg 1536w, http:\/\/estudiofotograficomj.com\/Look\/wp-content\/uploads\/2024\/01\/JMC7008-Editar.jpg 2048w\" sizes=\"(max-width: 1024px) 100vw, 1024px\" \/><\/figure>\n\n\n\n<figure class=\"wp-block-image size-large\"><img loading=\"lazy\" decoding=\"async\" width=\"1024\" height=\"683\" data-id=\"51\" src=\"http:\/\/estudiofotograficomj.com\/Look\/wp-content\/uploads\/2024\/01\/JMC2980-Editar-1024x683.jpg\" alt=\"\" class=\"wp-image-51\" srcset=\"http:\/\/estudiofotograficomj.com\/Look\/wp-content\/uploads\/2024\/01\/JMC2980-Editar-1024x683.jpg 1024w, http:\/\/estudiofotograficomj.com\/Look\/wp-content\/uploads\/2024\/01\/JMC2980-Editar-300x200.jpg 300w, http:\/\/estudiofotograficomj.com\/Look\/wp-content\/uploads\/2024\/01\/JMC2980-Editar-768x512.jpg 768w, http:\/\/estudiofotograficomj.com\/Look\/wp-content\/uploads\/2024\/01\/JMC2980-Editar-1536x1025.jpg 1536w, http:\/\/estudiofotograficomj.com\/Look\/wp-content\/uploads\/2024\/01\/JMC2980-Editar.jpg 2048w\" sizes=\"(max-width: 1024px) 100vw, 1024px\" \/><\/figure>\n\n\n\n<figure class=\"wp-block-image size-large\"><img loading=\"lazy\" decoding=\"async\" width=\"1024\" height=\"768\" data-id=\"48\" src=\"http:\/\/estudiofotograficomj.com\/Look\/wp-content\/uploads\/2024\/01\/JMC5900-Editar-1024x768.jpg\" alt=\"\" class=\"wp-image-48\" srcset=\"http:\/\/estudiofotograficomj.com\/Look\/wp-content\/uploads\/2024\/01\/JMC5900-Editar-1024x768.jpg 1024w, http:\/\/estudiofotograficomj.com\/Look\/wp-content\/uploads\/2024\/01\/JMC5900-Editar-300x225.jpg 300w, http:\/\/estudiofotograficomj.com\/Look\/wp-content\/uploads\/2024\/01\/JMC5900-Editar-768x576.jpg 768w, http:\/\/estudiofotograficomj.com\/Look\/wp-content\/uploads\/2024\/01\/JMC5900-Editar-1536x1152.jpg 1536w, http:\/\/estudiofotograficomj.com\/Look\/wp-content\/uploads\/2024\/01\/JMC5900-Editar.jpg 2048w\" sizes=\"(max-width: 1024px) 100vw, 1024px\" \/><\/figure>\n\n\n\n<figure class=\"wp-block-image size-large\"><img loading=\"lazy\" decoding=\"async\" width=\"1024\" height=\"1024\" data-id=\"107\" src=\"http:\/\/estudiofotograficomj.com\/Look\/wp-content\/uploads\/2024\/05\/436243701_1635179963918401_355156928741554343_n-1024x1024.jpg\" alt=\"fotografia de producto zaragoza\" class=\"wp-image-107\" srcset=\"http:\/\/estudiofotograficomj.com\/Look\/wp-content\/uploads\/2024\/05\/436243701_1635179963918401_355156928741554343_n-1024x1024.jpg 1024w, http:\/\/estudiofotograficomj.com\/Look\/wp-content\/uploads\/2024\/05\/436243701_1635179963918401_355156928741554343_n-300x300.jpg 300w, http:\/\/estudiofotograficomj.com\/Look\/wp-content\/uploads\/2024\/05\/436243701_1635179963918401_355156928741554343_n-150x150.jpg 150w, http:\/\/estudiofotograficomj.com\/Look\/wp-content\/uploads\/2024\/05\/436243701_1635179963918401_355156928741554343_n-768x768.jpg 768w, http:\/\/estudiofotograficomj.com\/Look\/wp-content\/uploads\/2024\/05\/436243701_1635179963918401_355156928741554343_n-1536x1536.jpg 1536w, http:\/\/estudiofotograficomj.com\/Look\/wp-content\/uploads\/2024\/05\/436243701_1635179963918401_355156928741554343_n-1080x1080.jpg 1080w, http:\/\/estudiofotograficomj.com\/Look\/wp-content\/uploads\/2024\/05\/436243701_1635179963918401_355156928741554343_n.jpg 2048w\" sizes=\"(max-width: 1024px) 100vw, 1024px\" \/><\/figure>\n\n\n\n<figure class=\"wp-block-image size-large\"><img loading=\"lazy\" decoding=\"async\" width=\"1024\" height=\"683\" data-id=\"49\" src=\"http:\/\/estudiofotograficomj.com\/Look\/wp-content\/uploads\/2024\/01\/JMC5695-Editar-1024x683.jpg\" alt=\"\" class=\"wp-image-49\" srcset=\"http:\/\/estudiofotograficomj.com\/Look\/wp-content\/uploads\/2024\/01\/JMC5695-Editar-1024x683.jpg 1024w, http:\/\/estudiofotograficomj.com\/Look\/wp-content\/uploads\/2024\/01\/JMC5695-Editar-300x200.jpg 300w, http:\/\/estudiofotograficomj.com\/Look\/wp-content\/uploads\/2024\/01\/JMC5695-Editar-768x512.jpg 768w, http:\/\/estudiofotograficomj.com\/Look\/wp-content\/uploads\/2024\/01\/JMC5695-Editar-1536x1024.jpg 1536w, http:\/\/estudiofotograficomj.com\/Look\/wp-content\/uploads\/2024\/01\/JMC5695-Editar.jpg 2048w\" sizes=\"(max-width: 1024px) 100vw, 1024px\" \/><\/figure>\n\n\n\n<figure class=\"wp-block-image size-large\"><img loading=\"lazy\" decoding=\"async\" width=\"1024\" height=\"683\" data-id=\"47\" src=\"http:\/\/estudiofotograficomj.com\/Look\/wp-content\/uploads\/2024\/01\/JMC2917-1024x683.jpg\" alt=\"http:\/\/estudiofotograficomj.com\/Look\/\" class=\"wp-image-47\" srcset=\"http:\/\/estudiofotograficomj.com\/Look\/wp-content\/uploads\/2024\/01\/JMC2917-1024x683.jpg 1024w, http:\/\/estudiofotograficomj.com\/Look\/wp-content\/uploads\/2024\/01\/JMC2917-300x200.jpg 300w, http:\/\/estudiofotograficomj.com\/Look\/wp-content\/uploads\/2024\/01\/JMC2917-768x512.jpg 768w, http:\/\/estudiofotograficomj.com\/Look\/wp-content\/uploads\/2024\/01\/JMC2917-1536x1024.jpg 1536w, http:\/\/estudiofotograficomj.com\/Look\/wp-content\/uploads\/2024\/01\/JMC2917.jpg 2048w\" sizes=\"(max-width: 1024px) 100vw, 1024px\" \/><\/figure>\n\n\n\n<figure class=\"wp-block-image size-large\"><img loading=\"lazy\" decoding=\"async\" width=\"1024\" height=\"1024\" data-id=\"105\" src=\"http:\/\/estudiofotograficomj.com\/Look\/wp-content\/uploads\/2024\/05\/436266873_1635179943918403_3984978207018472733_n-1024x1024.jpg\" alt=\"Fotografia de producto\" class=\"wp-image-105\" srcset=\"http:\/\/estudiofotograficomj.com\/Look\/wp-content\/uploads\/2024\/05\/436266873_1635179943918403_3984978207018472733_n-1024x1024.jpg 1024w, http:\/\/estudiofotograficomj.com\/Look\/wp-content\/uploads\/2024\/05\/436266873_1635179943918403_3984978207018472733_n-300x300.jpg 300w, http:\/\/estudiofotograficomj.com\/Look\/wp-content\/uploads\/2024\/05\/436266873_1635179943918403_3984978207018472733_n-150x150.jpg 150w, http:\/\/estudiofotograficomj.com\/Look\/wp-content\/uploads\/2024\/05\/436266873_1635179943918403_3984978207018472733_n-768x768.jpg 768w, http:\/\/estudiofotograficomj.com\/Look\/wp-content\/uploads\/2024\/05\/436266873_1635179943918403_3984978207018472733_n-1536x1536.jpg 1536w, http:\/\/estudiofotograficomj.com\/Look\/wp-content\/uploads\/2024\/05\/436266873_1635179943918403_3984978207018472733_n-1080x1080.jpg 1080w, http:\/\/estudiofotograficomj.com\/Look\/wp-content\/uploads\/2024\/05\/436266873_1635179943918403_3984978207018472733_n.jpg 2048w\" sizes=\"(max-width: 1024px) 100vw, 1024px\" \/><\/figure>\n\n\n\n<figure class=\"wp-block-image size-large\"><img loading=\"lazy\" decoding=\"async\" width=\"1024\" height=\"697\" data-id=\"54\" src=\"http:\/\/estudiofotograficomj.com\/Look\/wp-content\/uploads\/2024\/01\/Miel.web-25-1024x697.jpg\" alt=\"\" class=\"wp-image-54\" srcset=\"http:\/\/estudiofotograficomj.com\/Look\/wp-content\/uploads\/2024\/01\/Miel.web-25-1024x697.jpg 1024w, http:\/\/estudiofotograficomj.com\/Look\/wp-content\/uploads\/2024\/01\/Miel.web-25-300x204.jpg 300w, http:\/\/estudiofotograficomj.com\/Look\/wp-content\/uploads\/2024\/01\/Miel.web-25-768x522.jpg 768w, http:\/\/estudiofotograficomj.com\/Look\/wp-content\/uploads\/2024\/01\/Miel.web-25-1536x1045.jpg 1536w, http:\/\/estudiofotograficomj.com\/Look\/wp-content\/uploads\/2024\/01\/Miel.web-25.jpg 2048w\" sizes=\"(max-width: 1024px) 100vw, 1024px\" \/><\/figure>\n<\/figure>\n","protected":false},"excerpt":{"rendered":"<p>\u00a1Bienvenidos a Look, Fotograf\u00eda Corporativa en Zaragoza! Desde el a\u00f1o 2015, nos dedicamos apasionadamente a capturar empresas en la ciudad de Zaragoza. Somos un equipo de fot\u00f3grafos comprometidos y apasionados, especializados en ofrecer servicios de fotograf\u00eda corporativa. A lo largo de estos a\u00f1os, hemos tenido el privilegio de colaborar con cientos de empresas, grandes y [&hellip;]<\/p>\n","protected":false},"author":1,"featured_media":25,"parent":0,"menu_order":0,"comment_status":"closed","ping_status":"closed","template":"","meta":{"saved_in_kubio":false,"footnotes":""},"class_list":["post-20","page","type-page","status-publish","has-post-thumbnail","hentry"],"yoast_head":"<!-- This site is optimized with the Yoast SEO plugin v27.5 - https:\/\/yoast.com\/product\/yoast-seo-wordpress\/ -->\n<title>Acerca de - LOOK<\/title>\n<meta name=\"description\" content=\"Somos un equipo de fot\u00f3grafos comprometidos y apasionados, especializados en ofrecer servicios de fotograf\u00eda corporativa en Zaragoza\" \/>\n<meta name=\"robots\" content=\"index, follow, max-snippet:-1, max-image-preview:large, max-video-preview:-1\" \/>\n<link rel=\"canonical\" href=\"http:\/\/estudiofotograficomj.com\/Look\/\" \/>\n<meta property=\"og:locale\" content=\"es_ES\" \/>\n<meta property=\"og:type\" content=\"article\" \/>\n<meta property=\"og:title\" content=\"Acerca de - LOOK\" \/>\n<meta property=\"og:description\" content=\"Somos un equipo de fot\u00f3grafos comprometidos y apasionados, especializados en ofrecer servicios de fotograf\u00eda corporativa en Zaragoza\" \/>\n<meta property=\"og:url\" content=\"http:\/\/estudiofotograficomj.com\/Look\/\" \/>\n<meta property=\"og:site_name\" content=\"LOOK\" \/>\n<meta property=\"article:modified_time\" content=\"2024-05-27T20:49:34+00:00\" \/>\n<meta property=\"og:image\" content=\"http:\/\/estudiofotograficomj.com\/Look\/wp-content\/uploads\/2023\/07\/1.png\" \/>\n\t<meta property=\"og:image:width\" content=\"1080\" \/>\n\t<meta property=\"og:image:height\" content=\"1920\" \/>\n\t<meta property=\"og:image:type\" content=\"image\/png\" \/>\n<meta name=\"twitter:card\" content=\"summary_large_image\" \/>\n<meta name=\"twitter:label1\" content=\"Tiempo de lectura\" \/>\n\t<meta name=\"twitter:data1\" content=\"4 minutos\" \/>\n<script type=\"application\/ld+json\" class=\"yoast-schema-graph\">{\"@context\":\"https:\\\/\\\/schema.org\",\"@graph\":[{\"@type\":\"WebPage\",\"@id\":\"http:\\\/\\\/estudiofotograficomj.com\\\/Look\\\/\",\"url\":\"http:\\\/\\\/estudiofotograficomj.com\\\/Look\\\/\",\"name\":\"Acerca de - LOOK\",\"isPartOf\":{\"@id\":\"http:\\\/\\\/estudiofotograficomj.com\\\/Look\\\/#website\"},\"primaryImageOfPage\":{\"@id\":\"http:\\\/\\\/estudiofotograficomj.com\\\/Look\\\/#primaryimage\"},\"image\":{\"@id\":\"http:\\\/\\\/estudiofotograficomj.com\\\/Look\\\/#primaryimage\"},\"thumbnailUrl\":\"http:\\\/\\\/estudiofotograficomj.com\\\/Look\\\/wp-content\\\/uploads\\\/2023\\\/07\\\/1.png\",\"datePublished\":\"2023-07-31T09:53:22+00:00\",\"dateModified\":\"2024-05-27T20:49:34+00:00\",\"description\":\"Somos un equipo de fot\u00f3grafos comprometidos y apasionados, especializados en ofrecer servicios de fotograf\u00eda corporativa en Zaragoza\",\"breadcrumb\":{\"@id\":\"http:\\\/\\\/estudiofotograficomj.com\\\/Look\\\/#breadcrumb\"},\"inLanguage\":\"es\",\"potentialAction\":[{\"@type\":\"ReadAction\",\"target\":[\"http:\\\/\\\/estudiofotograficomj.com\\\/Look\\\/\"]}]},{\"@type\":\"ImageObject\",\"inLanguage\":\"es\",\"@id\":\"http:\\\/\\\/estudiofotograficomj.com\\\/Look\\\/#primaryimage\",\"url\":\"http:\\\/\\\/estudiofotograficomj.com\\\/Look\\\/wp-content\\\/uploads\\\/2023\\\/07\\\/1.png\",\"contentUrl\":\"http:\\\/\\\/estudiofotograficomj.com\\\/Look\\\/wp-content\\\/uploads\\\/2023\\\/07\\\/1.png\",\"width\":1080,\"height\":1920,\"caption\":\"Mejora tu imagen de marca\"},{\"@type\":\"BreadcrumbList\",\"@id\":\"http:\\\/\\\/estudiofotograficomj.com\\\/Look\\\/#breadcrumb\",\"itemListElement\":[{\"@type\":\"ListItem\",\"position\":1,\"name\":\"Portada\",\"item\":\"http:\\\/\\\/estudiofotograficomj.com\\\/Look\\\/\"},{\"@type\":\"ListItem\",\"position\":2,\"name\":\"Acerca de\"}]},{\"@type\":\"WebSite\",\"@id\":\"http:\\\/\\\/estudiofotograficomj.com\\\/Look\\\/#website\",\"url\":\"http:\\\/\\\/estudiofotograficomj.com\\\/Look\\\/\",\"name\":\"LOOK\",\"description\":\"Mejora tu imagen con Estudio Fotogr&aacute;fico Mj\",\"publisher\":{\"@id\":\"http:\\\/\\\/estudiofotograficomj.com\\\/Look\\\/#organization\"},\"potentialAction\":[{\"@type\":\"SearchAction\",\"target\":{\"@type\":\"EntryPoint\",\"urlTemplate\":\"http:\\\/\\\/estudiofotograficomj.com\\\/Look\\\/?s={search_term_string}\"},\"query-input\":{\"@type\":\"PropertyValueSpecification\",\"valueRequired\":true,\"valueName\":\"search_term_string\"}}],\"inLanguage\":\"es\"},{\"@type\":\"Organization\",\"@id\":\"http:\\\/\\\/estudiofotograficomj.com\\\/Look\\\/#organization\",\"name\":\"LOOK\",\"url\":\"http:\\\/\\\/estudiofotograficomj.com\\\/Look\\\/\",\"logo\":{\"@type\":\"ImageObject\",\"inLanguage\":\"es\",\"@id\":\"http:\\\/\\\/estudiofotograficomj.com\\\/Look\\\/#\\\/schema\\\/logo\\\/image\\\/\",\"url\":\"http:\\\/\\\/estudiofotograficomj.com\\\/Look\\\/wp-content\\\/uploads\\\/2023\\\/07\\\/cropped-1.png\",\"contentUrl\":\"http:\\\/\\\/estudiofotograficomj.com\\\/Look\\\/wp-content\\\/uploads\\\/2023\\\/07\\\/cropped-1.png\",\"width\":2000,\"height\":1940,\"caption\":\"LOOK\"},\"image\":{\"@id\":\"http:\\\/\\\/estudiofotograficomj.com\\\/Look\\\/#\\\/schema\\\/logo\\\/image\\\/\"}}]}<\/script>\n<!-- \/ Yoast SEO plugin. -->","yoast_head_json":{"title":"Acerca de - LOOK","description":"Somos un equipo de fot\u00f3grafos comprometidos y apasionados, especializados en ofrecer servicios de fotograf\u00eda corporativa en Zaragoza","robots":{"index":"index","follow":"follow","max-snippet":"max-snippet:-1","max-image-preview":"max-image-preview:large","max-video-preview":"max-video-preview:-1"},"canonical":"http:\/\/estudiofotograficomj.com\/Look\/","og_locale":"es_ES","og_type":"article","og_title":"Acerca de - LOOK","og_description":"Somos un equipo de fot\u00f3grafos comprometidos y apasionados, especializados en ofrecer servicios de fotograf\u00eda corporativa en Zaragoza","og_url":"http:\/\/estudiofotograficomj.com\/Look\/","og_site_name":"LOOK","article_modified_time":"2024-05-27T20:49:34+00:00","og_image":[{"width":1080,"height":1920,"url":"http:\/\/estudiofotograficomj.com\/Look\/wp-content\/uploads\/2023\/07\/1.png","type":"image\/png"}],"twitter_card":"summary_large_image","twitter_misc":{"Tiempo de lectura":"4 minutos"},"schema":{"@context":"https:\/\/schema.org","@graph":[{"@type":"WebPage","@id":"http:\/\/estudiofotograficomj.com\/Look\/","url":"http:\/\/estudiofotograficomj.com\/Look\/","name":"Acerca de - LOOK","isPartOf":{"@id":"http:\/\/estudiofotograficomj.com\/Look\/#website"},"primaryImageOfPage":{"@id":"http:\/\/estudiofotograficomj.com\/Look\/#primaryimage"},"image":{"@id":"http:\/\/estudiofotograficomj.com\/Look\/#primaryimage"},"thumbnailUrl":"http:\/\/estudiofotograficomj.com\/Look\/wp-content\/uploads\/2023\/07\/1.png","datePublished":"2023-07-31T09:53:22+00:00","dateModified":"2024-05-27T20:49:34+00:00","description":"Somos un equipo de fot\u00f3grafos comprometidos y apasionados, especializados en ofrecer servicios de fotograf\u00eda corporativa en Zaragoza","breadcrumb":{"@id":"http:\/\/estudiofotograficomj.com\/Look\/#breadcrumb"},"inLanguage":"es","potentialAction":[{"@type":"ReadAction","target":["http:\/\/estudiofotograficomj.com\/Look\/"]}]},{"@type":"ImageObject","inLanguage":"es","@id":"http:\/\/estudiofotograficomj.com\/Look\/#primaryimage","url":"http:\/\/estudiofotograficomj.com\/Look\/wp-content\/uploads\/2023\/07\/1.png","contentUrl":"http:\/\/estudiofotograficomj.com\/Look\/wp-content\/uploads\/2023\/07\/1.png","width":1080,"height":1920,"caption":"Mejora tu imagen de marca"},{"@type":"BreadcrumbList","@id":"http:\/\/estudiofotograficomj.com\/Look\/#breadcrumb","itemListElement":[{"@type":"ListItem","position":1,"name":"Portada","item":"http:\/\/estudiofotograficomj.com\/Look\/"},{"@type":"ListItem","position":2,"name":"Acerca de"}]},{"@type":"WebSite","@id":"http:\/\/estudiofotograficomj.com\/Look\/#website","url":"http:\/\/estudiofotograficomj.com\/Look\/","name":"LOOK","description":"Mejora tu imagen con Estudio Fotogr&aacute;fico Mj","publisher":{"@id":"http:\/\/estudiofotograficomj.com\/Look\/#organization"},"potentialAction":[{"@type":"SearchAction","target":{"@type":"EntryPoint","urlTemplate":"http:\/\/estudiofotograficomj.com\/Look\/?s={search_term_string}"},"query-input":{"@type":"PropertyValueSpecification","valueRequired":true,"valueName":"search_term_string"}}],"inLanguage":"es"},{"@type":"Organization","@id":"http:\/\/estudiofotograficomj.com\/Look\/#organization","name":"LOOK","url":"http:\/\/estudiofotograficomj.com\/Look\/","logo":{"@type":"ImageObject","inLanguage":"es","@id":"http:\/\/estudiofotograficomj.com\/Look\/#\/schema\/logo\/image\/","url":"http:\/\/estudiofotograficomj.com\/Look\/wp-content\/uploads\/2023\/07\/cropped-1.png","contentUrl":"http:\/\/estudiofotograficomj.com\/Look\/wp-content\/uploads\/2023\/07\/cropped-1.png","width":2000,"height":1940,"caption":"LOOK"},"image":{"@id":"http:\/\/estudiofotograficomj.com\/Look\/#\/schema\/logo\/image\/"}}]}},"kubio_ai_page_context":{"short_desc":"","purpose":"general"},"_links":{"self":[{"href":"http:\/\/estudiofotograficomj.com\/Look\/index.php\/wp-json\/wp\/v2\/pages\/20","targetHints":{"allow":["GET"]}}],"collection":[{"href":"http:\/\/estudiofotograficomj.com\/Look\/index.php\/wp-json\/wp\/v2\/pages"}],"about":[{"href":"http:\/\/estudiofotograficomj.com\/Look\/index.php\/wp-json\/wp\/v2\/types\/page"}],"author":[{"embeddable":true,"href":"http:\/\/estudiofotograficomj.com\/Look\/index.php\/wp-json\/wp\/v2\/users\/1"}],"replies":[{"embeddable":true,"href":"http:\/\/estudiofotograficomj.com\/Look\/index.php\/wp-json\/wp\/v2\/comments?post=20"}],"version-history":[{"count":8,"href":"http:\/\/estudiofotograficomj.com\/Look\/index.php\/wp-json\/wp\/v2\/pages\/20\/revisions"}],"predecessor-version":[{"id":108,"href":"http:\/\/estudiofotograficomj.com\/Look\/index.php\/wp-json\/wp\/v2\/pages\/20\/revisions\/108"}],"wp:featuredmedia":[{"embeddable":true,"href":"http:\/\/estudiofotograficomj.com\/Look\/index.php\/wp-json\/wp\/v2\/media\/25"}],"wp:attachment":[{"href":"http:\/\/estudiofotograficomj.com\/Look\/index.php\/wp-json\/wp\/v2\/media?parent=20"}],"curies":[{"name":"wp","href":"https:\/\/api.w.org\/{rel}","templated":true}]}}